e -14 = -10*w + n. Suppose -w*a + 2*h + 475 = -14, 2*a - 345 = -5*h. What are the prime factors of a?
3, 5, 11
Let f = 53460 + -15322. What are the prime factors of f?
2, 19069
Let k be ((-8)/(-16))/(-1*1/(-18)). Suppose -6*h = -k*h + 18. Suppose h*z - 118 = 524. List the prime factors of z.
107
Suppose -6 = 4*n - 2. Let m(y) = 14*y**2 - 4*y - 2. Let j be m(n). Suppose 2*i - 6*i + j = 0, -4*i = -5*u + 244. What are the prime factors of u?
2, 13
Suppose 324*r - 5*x = 326*r - 19085, -19109 = -2*r + 3*x. List the prime factors of r.
2, 5, 191
Suppose h + 2*s = 12, -4 = -s + 1. Suppose -3*n - 5*m = -1104, 5*n - h*m - 839 - 1032 = 0. What are the prime factors of n?
373
Let w(f) = 33*f**2 - 5*f - 6. Let o be w(4). Suppose -3*r - r = -4*b + 1032, 2*b - o = -5*r. What are the prime factors of b?
2
Suppose -36*i + 41*i - 3*o - 18 = 0, -20 = -4*i + o. Let b(d) = 37*d**2 - 3*d - 8. List the prime factors of b(i).
2, 653
Let k(x) = -x**3 + 6*x**2 + x + 7. Let m(f) be the third derivative of f**5/15 - 23*f**4/24 - 49*f**2. Let i be m(6). List the prime factors of k(i).
13
Suppose 3*d = -5*a - 684, 14*a = 19*a + 2*d + 681. List the prime factors of 160*(-9)/(a/12).
2
List the prime factors of 2 + 132063/15 + (-13)/65.
2, 7, 17, 37
Suppose -259 = 3*r - 271. Suppose r*b + 2*j = b + 1373, 4*j = -2*b + 926. List the prime factors of b.
5, 7, 13
Let o(x) = 8*x**2 + 17*x + 3. Let t be o(-9). Suppose 5*w = -2*l - 2 + t, -296 = -3*w - 2*l. List the prime factors of w.
2, 5
Let m = -29 + 145. Let f = -90 + 207. Suppose y + 62 + m = 3*h, 2*h + y = f. List the prime factors of h.
59
Let g be (-6 - -9) + 140 + -1. Suppose 3*x - 748 + g = 0. What are the prime factors of x?
2, 101
Let c(i) = 4788*i - 56. Let f be c(3). Suppose -12*k + 61*k = f. List the prime factors of k.
2, 73
Suppose -u + 27 = 4*u + 3*c, -2 = 2*c. Let t be u - (4/(-26) - 45/(-39)). Let m(f) = -f**3 + 9*f**2 + 8*f + 7. What are the prime factors of m(t)?
3, 7
Let b be 31 - ((-28)/(-49) + (-20)/(-14)). Let o = b - -5. Suppose 2*g + o = 92. List the prime factors of g.
29
Suppose -4*p - 46 = -54. Let f(o) = 13*o - 13*o + 8 - 9*o**p - 34 + 6*o + o**3. What are the prime factors of f(9)?
2, 7
Let o(s) = -18 + 0*s - 4 + s + 2*s - s + 12*s**2. What are the prime factors of o(8)?
2, 3, 127
Suppose -5*l - 3*a + 30732 = 0, -33*a = -29*a - 16. What are the prime factors of l?
2, 3
Let u = 409 + -407. Suppose -832 = -u*r - 4*y, -4*r + 1090 = 3*y - 564. What are the prime factors of r?
2, 103
Let j be (1/(-10))/(1/(-44))*5. What are the prime factors of 8/j - (-29232)/77?
2, 5, 19
Suppose 0 = n - 3*h + 15, -5*n = -4*h - h + 25. Let r(t) = -3*t - 41. Let m be r(n). Let q = 46 - m. List the prime factors of q.
3, 29
Let x(b) = 1756*b**2 + 11*b + 13. Let f be x(3). Suppose 10*v - f = -0*v. List the prime factors of v.
5, 317
Let i(j) = -j**3 + j**2 - 9*j + 7. Let a be i(-8). Let s = a + -197. List the prime factors of s.
2, 229
Let l be 2/23 + (-1496)/(-253). Suppose l*f - 2641 = 1451. What are the prime factors of f?
2, 11, 31
Let f = 105 - 126. What are the prime factors of ((-36)/(-20))/(f/(-4270))?
2, 3, 61
Let b = -12113 + 15497. What are the prime factors of b?
2, 3, 47
Let n(o) = -10*o - 23. Let g = 34 + -45. Let q be n(g). Suppose j = -4*i + q, 4*j + j = 4*i + 363. List the prime factors of j.
3, 5
Suppose 5*g + 15*f - 3705 = 10*f, -4*g + 2970 = 5*f. What are the prime factors of g?
3, 5, 7
Suppose -o = -0*o - 10. Suppose -3*t = -89 + 74. Suppose 200 = o*s - t*s. What are the prime factors of s?
2, 5
Let h(g) = 912*g**2 + 9*g + 25. What are the prime factors of h(-2)?
5, 17, 43
Let w = 55 - 53. Let d(l) = 0*l**2 + 10*l**w + 355*l - 353*l - 7. List the prime factors of d(-5).
233
Let j(l) = 7*l - 106. Let q be j(0). Let f = q - -1038. What are the prime factors of f?
2, 233
Suppose 48*q - 13508 - 20860 = 0. Let c(m) = -2*m - 1. Let v be c(-3). Suppose 0 = -3*u + 2*x + q, v*u - 1195 = 4*x + x. List the prime factors of u.
2, 7, 17
List the prime factors of (5 + 1930/8)/(6/120).
5, 197
Let v(y) = 155*y - 1214. What are the prime factors of v(145)?
3, 19, 373
List the prime factors of ((-14434428)/2422)/((-2)/7).
3, 17, 409
Suppose -10*z = -l - 6*z - 1287, 2*l + 2584 = 3*z. Let i = 2093 + l. List the prime factors of i.
2, 3, 7, 19
Let m(z) = -2*z**2 - z - 1. Let k(s) = 20*s**2 + 35*s + 80. Let r(l) = -k(l) - 15*m(l). List the prime factors of r(11).
5, 37
Let u(j) = -j**2 + 10*j - 31. Let a be u(9). Let b = a - -24. Suppose b*f - 136 = -0*f - 4*q, 0 = -3*f + 2*q + 236. What are the prime factors of f?
2, 19
Let l(d) = -d**3 - d + 18. Suppose 0 = 2*k - 5*i + 7 - 2, -k = -3*i + 3. Let m be l(k). Suppose -m - 26 = -u. List the prime factors of u.
2, 11
Suppose 12*x + 781 = x. Let i = 74 + x. What are the prime factors of 227 + (i + 0 - -2)?
2, 29
Suppose -5*g + 0*i = 4*i - 27, -5*g + 3*i + 6 = 0. Suppose o = 3*q - 654, -q + g*o = -6*q + 1076. What are the prime factors of 40/60 + q/3?
73
Suppose 96959 = 26*l - 266937. List the prime factors of l.
2, 3499
Let k = -117 - -2996. What are the prime factors of k?
2879
Suppose -3*f + 7*y - 5*y = -78, 5*f - 108 = -4*y. Suppose 371 = p + f. What are the prime factors of p?
347
Let v(o) = -982*o**3 - 3*o**2 - 4*o - 14. What are the prime factors of v(-3)?
5, 5297
Let w = -38510 + 73184. List the prime factors of w.
2, 3, 5779
Suppose 0*f - 2*f + 872 = 0. Suppose -3*p - 740 = 7*b - 5*b, 3*b = p + 243. Let q = p + f. What are the prime factors of q?
2, 5, 19
Suppose -4*z + 5*z + 78 = 5*i, -4*z - 267 = -5*i. Let g = -59 - z. List the prime factors of (11 + 3)*-2*(-7)/g.
7
Let m(r) be the second derivative of -r**5/20 - 17*r**4/6 - 55*r**3/6 + 36*r**2 - 16*r + 2. What are the prime factors of m(-33)?
2, 3, 7, 19
Let s(n) = -n**3 - 10*n**2 + 11*n + 1. Let r be s(-11). What are the prime factors of (1*(12 - r))/(1/3)?
3, 11
What are the prime factors of 9/(-12) - 46833750/(-840) - 14/(-49)?
2, 61, 457
Let s(a) = 224*a + 88. Let j be s(14). Suppose -11*m + 3211 = -j. List the prime factors of m.
3, 5, 13
Let g = 1475 - 32. Let x = -955 + g. What are the prime factors of x?
2, 61
Suppose 0 = 2*p - 2*r + 4*r, -3*p = 4*r + 2. Suppose -3*a + 3*b - 3071 = -8*a, 3*a - p*b - 1854 = 0. What are the prime factors of a?
2, 7, 11
Suppose -5*f + m + 12825 = 0, 0 = 21*f - 25*f - 4*m + 10260. List the prime factors of f.
3, 5, 19
Let p = -393 + 358. Let f = p + 1130. List the prime factors of f.
3, 5, 73
Let p = -6735 - -13436. List the prime factors of p.
6701
Suppose -i = 4*x + 11, -5*x + 2*x + 5*i = -9. Let f(v) = -8*v**3 + v**2 + 22*v**3 - 24*v**3 - 8*v**3 + 2*v. List the prime factors of f(x).
2, 3
Suppose -72607 = -4*n + 1052*c - 1047*c, -n + 18156 = 3*c. What are the prime factors of n?
3, 2017
Let k = -540 + 157. Let o = k - -500. List the prime factors of o.
3, 13
Suppose 0 = -4*k + 4*u + 24, -4*u = k - 4*k + 22. Suppose k + 4 = 3*c. List the prime factors of 4*(c/(-7) + 1305/84).
61
Let m = 110218 - 35851. List the prime factors of m.
3, 8263
Let m(n) = n**3 + 41*n**2 + 78*n + 1. Let a be m(-39). List the prime factors of (-7)/a*(-70 + 2 + 1).
7, 67
Let b(p) = 297*p**2 - 56*p - 166. What are the prime factors of b(-4)?
2, 5, 13, 37
Let l(m) = 29555*m**3 - 2*m**2 - 4*m + 4. What are the prime factors of l(1)?
3, 9851
Let a be ((-12)/(-18))/(-2)*-3. List the prime factors of 291/97 + (1349*a - 1).
7, 193
List the prime factors of 47408/20 - 75/(-125).
2371
Let i = -7800 + 13212. Suppose 15*g = 21*g - i. List the prime factors of g.
2, 11, 41
Suppose 0*s - 74 = -2*i + s, 2*s = -2*i + 62. Suppose -47*z + i*z + 17172 = 0. What are the prime factors of z?
3, 53
Let a(z) = 4*z**2 - z - 2. Let w be a(-2). Let o be 5/40 - (-6254)/w. Suppose -57 = 2*s - o. What are the prime factors of s?
167
Let i = 18687 + 27498. List the prime factors of i.
3, 5, 3079
Let f = 13684 + -10577. List the prime factors of f.
13, 239
Suppose -4*u = 4*y - 2092, 2*y - 24*u + 21*u - 1066 = 0. Let c = 1103 - y. What are the prime factors of c?
2, 3
List the prime factors of 186*(16 - (-946)/4).
3, 5, 31, 101
Suppose 0 = -r + 3*v + 154, -5*v = 3*r - 2*r - 146. Let p = 69 + -93. Let m = r + p. List the prime factors of m.
127
Let j = -545 + 546. What are the prime factors of (76 + -33)/(j + 48/(-50))?
5, 43
Let n